 + -2?
-3
In base 12, what is 24 - -23?
47
In base 4, what is 31 + -22120?
-22023
In base 9, what is 82 - -2?
84
In base 5, what is 10 + 124320?
124330
In base 15, what is -2da - 3?
-2dd
In base 5, what is 4 - 103131?
-103122
In base 12, what is 6a - -2?
70
In base 4, what is 1001 + -3?
332
In base 2, what is 1001001111101 - 0?
1001001111101
In base 9, what is 2 + -2376?
-2374
In base 6, what is 10 - 105?
-55
In base 16, what is -10a + -9?
-113
In base 2, what is 1101100011 + 10010?
1101110101
In base 2, what is -10100 + 100110?
10010
In base 5, what is -1200 + -3?
-1203
In base 4, what is 11 + -113?
-102
In base 14, what is -2 + -2c?
-30
In base 13, what is -58 + -1?
-59
In base 9, what is 6 - -42?
48
In base 6, what is 0 - 22030?
-22030
In base 7, what is -1005 - -3?
-1002
In base 3, what is -1122 - 21100?
-22222
In base 5, what is 0 + 32103?
32103
In base 16, what is -16 + -9?
-1f
In base 11, what is 8 + -124?
-117
In base 12, what is 23 - 0?
23
In base 10, what is -215 - -5?
-210
In base 9, what is 3782 + 3?
3785
In base 13, what is -6c - -157?
b8
In base 10, what is -2 + 274?
272
In base 2, what is -11 + 100111011101?
100111011010
In base 3, what is 112120 - -121?
120011
In base 12, what is -6a - 3?
-71
In base 9, what is 2 - 170?
-167
In base 14, what is -17 - -21?
8
In base 14, what is -2 - -149?
147
In base 15, what is -8a - 18?
-a3
In base 4, what is 221 - 130?
31
In base 12, what is -8 - 90?
-98
In base 6, what is -24 + 135?
111
In base 4, what is 21 + 10?
31
In base 5, what is 230040 - -10?
230100
In base 14, what is -5 + 154?
14d
In base 10, what is -2 - -59?
57
In base 7, what is -35 - -24?
-11
In base 3, what is -100200011 + 0?
-100200011
In base 16, what is -5 - 2?
-7
In base 8, what is -10222 - 3?
-10225
In base 16, what is 5 - 7?
-2
In base 7, what is 462 + -13?
446
In base 3, what is -111 - -2120?
2002
In base 5, what is -30331 - 1?
-30332
In base 11, what is -5 - 1038?
-1042
In base 4, what is -321 + 3?
-312
In base 16, what is -9 - 52?
-5b
In base 8, what is 2061 - 0?
2061
In base 14, what is -d6 + 2?
-d4
In base 15, what is -2 - -22?
20
In base 12, what is -754 - -5?
-74b
In base 9, what is 31 + -27?
3
In base 4, what is -23230 - 0?
-23230
In base 2, what is -101110011 + 1011?
-101101000
In base 16, what is a - -2d?
37
In base 14, what is 4 - -1b?
21
In base 11, what is 2 - -353?
355
In base 9, what is -7 + -54?
-62
In base 6, what is 4 - 31?
-23
In base 14, what is 105 - 5?
100
In base 12, what is 16b2b + 3?
16b32
In base 3, what is -1 - -12221?
12220
In base 7, what is -6 - 5?
-14
In base 7, what is -34 + 111?
44
In base 6, what is 5 + 21?
30
In base 3, what is -22 - -100220?
100121
In base 6, what is -401 - 2?
-403
In base 6, what is -31 - -1?
-30
In base 13, what is -3c + -103?
-142
In base 15, what is 5 + -7c?
-77
In base 6, what is 1113 - 4?
1105
In base 3, what is -1 + -12100120?
-12100121
In base 13, what is -4 - -a66?
a62
In base 7, what is -100320 + 4?
-100313
In base 8, what is -63 - -166?
103
In base 14, what is 2 + -30a?
-308
In base 15, what is 7c + 7?
84
In base 16, what is -70a + -1?
-70b
In base 8, what is -2610 - 1?
-2611
In base 13, what is 59 + 1?
5a
In base 3, what is 221200200 - 1?
221200122
In base 15, what is 6 - -1a?
21
In base 16, what is -5 + -44?
-49
In base 8, what is -253 + 1?
-252
In base 2, what is -1010011 - 0?
-1010011
In base 14, what is -c4 + 3d?
-85
In base 14, what is 1c0d + -3?
1c0a
In base 10, what is 4 + -352?
-348
In base 11, what is -137 - 1a?
-156
In base 10, what is 41 - 180?
-139
In base 13, what is -6 - -49?
43
In base 9, what is 132 - 1?
131
In base 2, what is 11111011 + -111100?
10111111
In base 5, what is -10134 + -4?
-10143
In base 11, what is 3 - -4606?
4609
In base 13, what is 1946 + -4?
1942
In base 5, what is -204 - -31?
-123
In base 9, what is 0 + 154?
154
In base 2, what is 11 + 1100110100?
1100110111
In base 5, what is -111 - 3?
-114
In base 13, what is -17 + 0?
-17
In base 13, what is -1315 - 4?
-1319
In base 8, what is 0 - 374?
-374
In base 16, what is f - 66?
-57
In base 4, what is 10033 + -3?
10030
In base 16, what is e7 - -5?
ec
In base 2, what is -110110010 - 100?
-110110110
In base 5, what is -1024 - 3?
-1032
In base 9, what is -5 - -135?
130
In base 6, what is 3 - -330?
333
In base 5, what is 4 - -324?
333
In base 13, what is -2 + 54?
52
In base 2, what is 111000111 - 101?
111000010
In base 13, what is 7 - 14?
-a
In base 7, what is 606 - -133?
1042
In base 15, what is -29 + -67?
-91
In base 16, what is 5 + -4d3?
-4ce
In base 16, what is -b - -19?
e
In base 10, what is 369 - 1?
368
In base 12, what is 9 - 27?
-1a
In base 8, what is 1031 + -2?
1027
In base 10, what is 23 - -134?
157
In base 4, what is -2 + 3231?
3223
In base 14, what is -20 + 4?
-1a
In base 11, what is 632 - -4?
636
In base 3, what is 1011000 - -10?
1011010
In base 6, what is -1 - 105?
-110
In base 14, what is -5 - 253d?
-2544
In base 2, what is -10000111 + 1?
-10000110
In base 2, what is 10010 + -110110?
-100100
In base 3, what is -122 - 110?
-1002
In base 9, what is 0 + 15?
15
In base 13, what is 0 - 109?
-109
In base 2, what is -10000011 - -10?
-10000001
In base 15, what is -1ae + -13?
-1c2
In base 2, what is -10101011110 + 1?
-10101011101
In base 10, what is 644 - -3?
647
In base 2, what is -11 + -1011011011?
-1011011110
In base 7, what is 0 - -326?
326
In base 16, what is 5 - -66?
6b
In base 11, what is 598 - -2?
59a
In base 3, what is -2 - -1202?
1200
In base 4, what is 23302 - 10?
23232
In base 2, what is -100010110100 + -100?
-100010111000
In base 3, what is -21101 - -1?
-21100
In base 7, what is 253663 + -2?
253661
In base 15, what is -2d + 4?
-29
In base 11, what is 41 + -2?
3a
In base 2, what is -1011110011 + 10?
-1011110001
In base 14, what is 1 + -2d?
-2c
In base 3, what is 111220 + 11?
112001
In base 5, what is 222412 - -4?
222421
In base 5, what is 2410 - 20?
2340
In base 10, what is 27 + -82?
-55
In base 7, what is -2 - 2345?
-2350
In base 15, what is -287 - -1?
-286
In base 3, what is -22020 + 2?
-22011
In base 15, what is -d1 + -3?
-d4
In base 5, what is -2411 - -10?
-2401
In base 3, what is -20020 + 11?
-20002
In base 11, what is a84 - -2?
a86
In base 14, what is -8 - -57?
4d
In base 7, what is 2 - -2053?
2055
In base 4, what is 3333 + 2?
10001
In base 8, what is -144 + 5?
-137
In base 8, what is -1 + -335?
-336
In base 14, what is 0 + 213?
213
In base 3, what is 1220120 + -1?
1220112
In base 6, what is -5430 + -4?
-5434
In base 6, what is -442 + 3?
-435
In base 7, what is -133 - 2?
-135
In base 7, what is -11 - 66?
-110
In base 13, what is -5 + -62?
-67
In base 8, what is 4 + 22?
26
In base 5, what is 3224 - -2?
3231
In base 13, what is 1ca9 - 3?
1ca6
In base 4, what is -30 + 323?
233
In base 10, what is 4 + -174?
-170
In base 9, what is -1 + 16?
15
In base 16, what is -5 - 59?
-5e
In base 15, what is -6 - -4c?
46
In base 3, what is 11 + 10212210?
10212221
In base 7, what is -413 + 5?
-405
In base 12, what is -1 - -24?
23
In base 14, what is -5 - -22?
1b
In base 6, what is 0 + 152?
152
In base 15, what is 1b + 46?
62
In base 3, what is 20211010 + 11?
20211021
In base 7, what is 15 - -64?
112
In base 9, what is -711 - 1?
-712
In base 2, what is 100100101 - -10101?
100111010
In base 3, what is 1 - -11101220?
11101221
In base 15, what is -2b7 + -6?
-2bd
In base 10, what is -10 + 5?
-5
In base 2, what is -100100 + 1011?
-11001
In base 10, what is -6 + -104?
-110
In base 11, what is -18 - -119?
101
In base 10, what is -103 - -15?
-88
In base 14, what is -8 + -56a?
-574
In base 2, what is 10 - -1011000?
1011010
In base 14, what is d8 - 17?
c1
In base 7, what is 144 + 24?
201
In base 4, what is -22032 - 11?
-22103
In base 7, what is -400 + 42?
-325
In base 14, what is aa6 - -3?
aa9
In base 8, what is -3 - 126?
-131
In base 8, what is 5 - -316?
323
In base 15, what is -27 - 24?
-4b
In base 8, what is -136 - -102?
-34
In base 3, what is 2 - -1222?
2001
In base 9, what is -5 - 146?
-152
In base 11, what is 17224 - 4?
17220
In base 6, what is 2432 + -1?
2431
In base 5, what is 1 + 2224?
2230
In base 8, what is -12 - 112?
-124
In base 7, what is 3 - 200?
-164
In base 15, what is 5 - -1e8?
1ed
In base 3, what is 1 - -122212?
122220
In base 6, what is 52 + -4023?
-3531
In base 3, wh